65
What is the remainder when 123467796 is divided by 61733897?
2
Calculate the remainder when 37033 is divided by 400.
233
What is the remainder when 2652879 is divided by 1227?
105
What is the remainder when 39085 is divided by 38449?
636
Calculate the remainder when 676692719 is divided by 16.
15
Calculate the remainder when 1000351 is divided by 250050.
151
What is the remainder when 23383953 is divided by 5423?
5400
What is the remainder when 439369 is divided by 131?
126
Calculate the remainder when 467333 is divided by 15.
8
Calculate the remainder when 6082774 is divided by 44.
38
Calculate the remainder when 32595 is divided by 3239.
205
Calculate the remainder when 1429055 is divided by 4578.
719
Calculate the remainder when 157008 is divided by 5233.
18
What is the remainder when 16064142 is divided by 5314?
5234
Calculate the remainder when 10842898 is divided by 44.
22
What is the remainder when 8566888 is divided by 48?
40
Calculate the remainder when 632243 is divided by 105364.
59
What is the remainder when 6180262 is divided by 3090112?
38
Calculate the remainder when 234580959 is divided by 58645233.
27
What is the remainder when 91004 is divided by 17740?
2304
Calculate the remainder when 4770 is divided by 56.
10
Calculate the remainder when 115595 is divided by 57784.
27
Calculate the remainder when 724472 is divided by 827.
20
Calculate the remainder when 119434 is divided by 250.
184
Calculate the remainder when 306191 is divided by 709.
612
Calculate the remainder when 2356063 is divided by 61.
60
Calculate the remainder when 116436 is divided by 1338.
30
What is the remainder when 74683 is divided by 1214?
629
What is the remainder when 323434259 is divided by 2115?
2114
Calculate the remainder when 2619418 is divided by 2980.
2978
What is the remainder when 3321340 is divided by 1451?
1
What is the remainder when 483849 is divided by 5046?
4479
Calculate the remainder when 4037293 is divided by 6249.
439
Calculate the remainder when 79235007 is divided by 8803888.
15
Calculate the remainder when 160209862 is divided by 79.
74
What is the remainder when 9292675 is divided by 43?
31
What is the remainder when 75712676 is divided by 876?
872
What is the remainder when 1345784 is divided by 1524?
92
What is the remainder when 390060 is divided by 19484?
380
Calculate the remainder when 994671 is divided by 55.
51
What is the remainder when 202067 is divided by 18364?
63
What is the remainder when 83369 is divided by 19871?
3885
Calculate the remainder when 104207 is divided by 52032.
143
What is the remainder when 8053 is divided by 640?
373
Calculate the remainder when 37442667 is divided by 897.
93
Calculate the remainder when 548320 is divided by 1061.
844
Calculate the remainder when 2465118 is divided by 1028.
1002
What is the remainder when 10062646 is divided by 774047?
35
Calculate the remainder when 20289 is divided by 6319.
1332
What is the remainder when 1123097 is divided by 1642?
1611
Calculate the remainder when 18253 is divided by 18085.
168
What is the remainder when 219806 is divided by 1815?
191
Calculate the remainder when 6148646 is divided by 292791.
35
Calculate the remainder when 12649525 is divided by 12649480.
45
Calculate the remainder when 50643 is divided by 154.
131
Calculate the remainder when 26594500 is divided by 29.
21
Calculate the remainder when 734996 is divided by 3958.
2766
What is the remainder when 31494 is divided by 30653?
841
What is the remainder when 310372 is divided by 157?
140
What is the remainder when 654033 is divided by 1030?
1013
What is the remainder when 554417 is divided by 403?
292
What is the remainder when 674238 is divided by 95957?
2539
What is the remainder when 12808975 is divided by 32?
15
Calculate the remainder when 159757 is divided by 53169.
250
Calculate the remainder when 428798 is divided by 855.
443
Calculate the remainder when 5703470 is divided by 69.
68
Calculate the remainder when 1777278 is divided by 917.
132
Calculate the remainder when 458724 is divided by 91439.
1529
Calculate the remainder when 2100877 is divided by 6484.
61
What is the remainder when 21194446 is divided by 274?
272
Calculate the remainder when 2490716 is divided by 18869.
8
Calculate the remainder when 274048 is divided by 1243.
588
Calculate the remainder when 5409673 is divided by 360635.
148
What is the remainder when 910654 is divided by 227662?
6
What is the remainder when 944402 is divided by 72645?
17
What is the remainder when 777084 is divided by 45710?
14
Calculate the remainder when 14247607 is divided by 947.
939
What is the remainder when 12666 is divided by 360?
66
What is the remainder when 97676 is divided by 4453?
4163
Calculate the remainder when 5188662 is divided by 2594312.
38
What is the remainder when 1034607230 is divided by 63?
62
What is the remainder when 583009 is divided by 58?
51
Calculate the remainder when 158178341 is divided by 71.
68
What is the remainder when 342692 is divided by 10078?
40
What is the remainder when 397161 is divided by 2533?
2013
What is the remainder when 306196 is divided by 1007?
68
Calculate the remainder when 6450223 is divided by 439.
435
What is the remainder when 2539135 is divided by 664?
663
Calculate the remainder when 97306 is divided by 31763.
2017
Calculate the remainder when 7716343 is divided by 135.
13
What is the remainder when 64918999 is divided by 402?
19
Calculate the remainder when 239521 is divided by 1302.
1255
Calculate the remainder when 905644 is divided by 123.
118
What is the remainder when 382605 is divided by 191270?
65
Calculate the remainder when 6747 is divided by 1356.
1323
Calculate the remainder when 78652 is divided by 1607.
1516
Calculate the remainder when 38073 is divided by 2155.
1438
What is the remainder when 12072116 is divided by 544?
212
Calculate the remainder when 161841 is divided by 26871.
615
Calculate the remainder when 164160655 is divided by 944.
943
What is the remainder when 843267 is divided by 549?
3
What is the remainder when 2822864 is divided by 1411430?
4
Calculate the remainder when 9522060 is divided by 98.
86
Calculate the remainder when 126735 is divided by 126331.
404
What is the remainder when 13006 is divided by 679?
105
Calculate the remainder when 35090 is divided by 1349.
16
What is the remainder when 321354 is divided by 1546?
1332
Calculate the remainder when 1969869 is divided by 252.
237
Calculate the remainder when 164874671 is divided by 3216.
3215
Calculate the remainder when 118349600 is divided by 115.
110
What is the remainder when 70393 is divided by 3519?
13
What is the remainder when 14130 is divided by 1341?
720
What is the remainder when 33654688 is divided by 16827344?
0
Calculate the remainder when 45668 is divided by 44677.
991
Calculate the remainder when 5603018 is divided by 2658.
2612
Calculate the remainder when 102510977 is divided by 181.
179
What is the remainder when 2806201 is divided by 27?
10
What is the remainder when 93473 is divided by 655?
463
What is the remainder when 144805 is divided by 97?
81
Calculate the remainder when 84104 is divided by 42035.
34
What is the remainder when 606606 is divided by 9477?
78
Calculate the remainder when 734226404 is divided by 8468.
8464
What is the remainder when 13823446 is divided by 921562?
16
Calculate the remainder when 135602 is divided by 3783.
3197
What is the remainder when 2474623 is divided by 1075?
1048
What is the remainder when 131834 is divided by 5360?
3194
Calculate the remainder when 112212 is divided by 2671.
30
What is the remainder when 333971 is divided by 784?
771
Calculate the remainder when 41040 is divided by 351.
324
What is the remainder when 3007738 is divided by 2223?
19
Calculate the remainder when 40379 is divided by 19876.
627
Calculate the remainder when 628527 is divided by 1952.
1935
What is the remainder when 264446 is divided by 37778?
0
Calculate the remainder when 61896617 is divided by 219.
209
Calculate the remainder when 366300 is divided by 91392.
732
Calculate the remainder when 7708 is divided by 1335.
1033
Calculate the remainder when 165199 is divided by 55.
34
Calculate the remainder when 147494 is divided by 535.
369
Calcu